eds digit of 164702?
7
What is the tens digit of 1733?
3
What is the hundreds digit of 5601?
6
What is the tens digit of 21607?
0
What is the thousands digit of 39460?
9
What is the ten thousands digit of 35212?
3
What is the tens digit of 545?
4
What is the tens digit of 821?
2
What is the hundreds digit of 490?
4
What is the units digit of 5349?
9
What is the thousands digit of 7660?
7
What is the units digit of 11418?
8
What is the tens digit of 2223?
2
What is the thousands digit of 9394?
9
What is the hundreds digit of 412?
4
What is the hundreds digit of 24264?
2
What is the thousands digit of 23052?
3
What is the thousands digit of 2342?
2
What is the hundred thousands digit of 153863?
1
What is the units digit of 161?
1
What is the hundreds digit of 1887?
8
What is the hundreds digit of 3098?
0
What is the ten thousands digit of 13446?
1
What is the units digit of 6469?
9
What is the tens digit of 2146?
4
What is the units digit of 253?
3
What is the units digit of 777?
7
What is the units digit of 39782?
2
What is the thousands digit of 21135?
1
What is the hundreds digit of 39554?
5
What is the hundreds digit of 1672?
6
What is the tens digit of 3566?
6
What is the tens digit of 4775?
7
What is the ten thousands digit of 89168?
8
What is the thousands digit of 26972?
6
What is the hundreds digit of 105529?
5
What is the units digit of 810?
0
What is the units digit of 2361?
1
What is the hundreds digit of 731?
7
What is the units digit of 2630?
0
What is the thousands digit of 5849?
5
What is the units digit of 5267?
7
What is the units digit of 58355?
5
What is the units digit of 6318?
8
What is the units digit of 73226?
6
What is the tens digit of 902?
0
What is the units digit of 32277?
7
What is the ten thousands digit of 29948?
2
What is the tens digit of 1488?
8
What is the tens digit of 4134?
3
What is the thousands digit of 1063?
1
What is the tens digit of 1825?
2
What is the hundreds digit of 8419?
4
What is the units digit of 71012?
2
What is the thousands digit of 1107?
1
What is the ten thousands digit of 18847?
1
What is the hundreds digit of 118?
1
What is the hundreds digit of 754?
7
What is the units digit of 3969?
9
What is the hundreds digit of 3949?
9
What is the units digit of 207?
7
What is the tens digit of 45304?
0
What is the hundreds digit of 6223?
2
What is the hundreds digit of 68282?
2
What is the units digit of 33452?
2
What is the hundreds digit of 27727?
7
What is the units digit of 518?
8
What is the units digit of 18838?
8
What is the hundreds digit of 41719?
7
What is the tens digit of 778?
7
What is the ten thousands digit of 10454?
1
What is the units digit of 17915?
5
What is the hundreds digit of 18980?
9
What is the tens digit of 17114?
1
What is the thousands digit of 43709?
3
What is the hundreds digit of 17574?
5
What is the tens digit of 5189?
8
What is the hundreds digit of 16369?
3
What is the tens digit of 40702?
0
What is the thousands digit of 4633?
4
What is the units digit of 219?
9
What is the thousands digit of 49698?
9
What is the ten thousands digit of 84300?
8
What is the ten thousands digit of 31008?
3
What is the hundreds digit of 255?
2
What is the hundreds digit of 138951?
9
What is the tens digit of 2334?
3
What is the hundreds digit of 356?
3
What is the hundreds digit of 1921?
9
What is the hundreds digit of 14003?
0
What is the hundreds digit of 6123?
1
What is the hundreds digit of 1059?
0
What is the hundreds digit of 8764?
7
What is the thousands digit of 185786?
5
What is the tens digit of 44986?
8
What is the thousands digit of 18497?
8
What is the thousands digit of 5951?
5
What is the hundreds digit of 100850?
8
What is the hundreds digit of 26721?
7
What is the units digit of 27110?
0
What is the units digit of 3926?
6
What is the tens digit of 530?
3
What is the units digit of 14853?
3
What is the ten thousands digit of 29999?
2
What is the units digit of 8421?
1
What is the units digit of 1639?
9
What is the units digit of 60?
0
What is the units digit of 483?
3
What is the units digit of 1317?
7
What is the ten thousands digit of 12414?
1
What is the thousands digit of 7443?
7
What is the units digit of 295?
5
What is the tens digit of 4823?
2
What is the thousands digit of 4894?
4
What is the tens digit of 310?
1
What is the tens digit of 141?
4
What is the tens digit of 1159?
5
What is the ten thousands digit of 10013?
1
What is the thousands digit of 22004?
2
What is the ten thousands digit of 127706?
2
What is the units digit of 9881?
1
What is the units digit of 6725?
5
What is the hundreds digit of 6916?
9
What is the tens digit of 954?
5
What is the tens digit of 288?
8
What is the units digit of 6545?
5
What is the hundreds digit of 25129?
1
What is the hundreds digit of 179?
1
What is the ten thousands digit of 32914?
3
What is the hundreds digit of 2256?
2
What is the units digit of 1318?
8
What is the thousands digit of 5970?
5
What is the tens digit of 5683?
8
What is the ten thousands digit of 12322?
1
What is the hundreds digit of 1718?
7
What is the hundreds digit of 11608?
6
What is the tens digit of 7560?
6
What is the hundreds digit of 5020?
0
What is the units digit of 5410?
0
What is the hundreds digit of 9648?
6
What is the hundreds digit of 1267?
2
What is the thousands digit of 38065?
8
What is the tens digit of 129133?
3
What is the hundreds digit of 24533?
5
What is the units digit of 9975?
5
What is the units digit of 7008?
8
What is the hundreds digit of 169814?
8
What is the tens digit of 176?
7
What is the thousands digit of 29516?
9
What is the ten thousands digit of 59951?
5
What is the tens digit of 9928?
2
What is the hundreds digit of 27490?
4
What is the hundreds digit of 88725?
7
What is the units digit of 104409?
9
What is the thousands digit of 1700?
1
What is the tens digit of 22546?
4
What is the tens digit of 3250?
5
What is the thousands digit of 1990?
1
What is the tens digit of 730?
3
What is the tens digit of 9721?
2
What is the hundreds digit of 773?
7
What is the units digit of 651?
1
What is the units digit of 10771?
1
What is the tens digit of 38676?
7
What is the units digit of 5654?
4
What is the tens digit of 1463?
6
What is the hundreds digit of 9540?
5
What is the units digit of 118929?
9
What is the ten thousands digit of 18948?
1
What is the hundreds digit of 4511?
5
What is the ten thousands digit of 26831?
2
What is the hundreds digit of 1091?
0
What is the ten thousands digit of 43567?
4
What is the hundreds digit of 2817?
8
What is the tens digit of 1886?
8
What is the hundreds digit of 11106?
1
What is the ten thousands digit of 21824?
2
What is the tens digit of 2367?
6
What is the tens digit of 798?
9
What is the tens digit of 9304?
0
What is the units digit of 1696?
6
What is the hundreds digit of 2264?
2
What is the units digit of 839?
9
What is the thousands digit of 10017?
0
What is the tens digit of 2206?
0
What is the thousands digit of 12070?
2
What is the tens digit of 51413?
1
What is the thousands digit of 3142?
3
What is the units digit of 36264?
4
What is the units digit of 1842?
2
What is the thousands digit of 9140?
9
What is the tens digit of 117674?
7
What is the units digit of 584?
4
What is the hundreds digit of 1271?
2
What is the hundreds digit of 1160?
1
What is the units digit of 8100?
0
What is the units digit of 1937?
7
What is the units digit of 289?
9
What is the tens digit of 99988?
8
What is the units digit of 1796?
6
What is the hundreds digit of 1242?
2
What is the tens digit of 322?
2
What is the tens digit of 303?
0
What is the units digit of 106?
6
What is the units digit of 8024?
4
What is the tens digit of 179?
7
What is the thousands digit of 20779?
0
What is the hundreds digit of 2888?
8
What is the hundreds digit of 24813?
8
What is the tens digit of 101069?
6
What is the thousands digit of 24394?
4
What is the units digit of 9230?
0
What is the tens digit of 1417?
1
What is the tens digit of 605?
0
What is the hundreds digit of 80560?
5
What is the hundreds digit of 676?
6
What is the units digit of 9780?
0
What is the hundreds digit of 1064?
0
What is the units digit of 2043?
3
What is the hundreds digit of 816?
8
What is the units digit of 280?
0
What i